{"id":8786,"date":"2025-10-13T21:08:23","date_gmt":"2025-10-13T20:08:23","guid":{"rendered":"https:\/\/www.fitano.cz\/?page_id=8786"},"modified":"2026-04-08T10:15:12","modified_gmt":"2026-04-08T09:15:12","slug":"jednodenni-akce-2","status":"publish","type":"page","link":"http:\/\/www.fitano.cz\/?page_id=8786","title":{"rendered":"JEDNODENN\u00cd AKCE"},"content":{"rendered":"\n<details class=\"wp-block-details is-layout-flow wp-block-details-is-layout-flow\"><summary>V\u00cdCE INFO ZDE<\/summary><\/details>\n\n\n\n<figure class=\"wp-block-image size-full\"><img loading=\"lazy\" decoding=\"async\" width=\"1000\" height=\"357\" src=\"http:\/\/www.fitano.cz\/wp-content\/uploads\/2026\/04\/challenge-na-in-linech-pro-dospele-1.png\" alt=\"\" class=\"wp-image-9187\" srcset=\"http:\/\/www.fitano.cz\/wp-content\/uploads\/2026\/04\/challenge-na-in-linech-pro-dospele-1.png 1000w, http:\/\/www.fitano.cz\/wp-content\/uploads\/2026\/04\/challenge-na-in-linech-pro-dospele-1-300x107.png 300w, http:\/\/www.fitano.cz\/wp-content\/uploads\/2026\/04\/challenge-na-in-linech-pro-dospele-1-150x54.png 150w, http:\/\/www.fitano.cz\/wp-content\/uploads\/2026\/04\/challenge-na-in-linech-pro-dospele-1-768x274.png 768w\" sizes=\"auto, (max-width: 1000px) 100vw, 1000px\" \/><\/figure>\n\n\n\n<details class=\"wp-block-details is-layout-flow wp-block-details-is-layout-flow\"><summary><strong>V\u00cdCE INFO ZDE <\/strong><\/summary>\n<p class=\"has-black-color has-luminous-vivid-amber-background-color has-text-color has-background has-link-color wp-elements-ed43bd6e7b469d780add27118d997092\"><strong>V\u00ddUKA NA IN LINECH PRO DOSP\u011aL\u00c9 v p\u00e1tky<\/strong> <strong>s Mark\u00e9tou Stoklasovou<\/strong><br>In line are\u00e1l FERONA Ostrava. Sraz u vstupu do are\u00e1lu. P\u00e1tek si m\u016f\u017eete vybrat jen jeden nebo j\u00edt na v\u0161echny dle va\u0161eho \u010dasu a chuti se zlep\u0161it, nau\u010dit se nov\u00e9 triky a finti\u010dky&#8230;<br><\/p>\n\n\n\n<p class=\"has-black-color has-luminous-vivid-amber-background-color has-text-color has-background has-link-color wp-elements-22b70b21931c4b0600c703fdf164fadc\"><strong>Cena: 299 K\u010d<\/strong><br>Objedn\u00e1vky na tel.: 604 366 066 u Mark\u00e9ty Stoklasov\u00e9<\/p>\n<\/details>\n\n\n\n<figure class=\"wp-block-image size-full\"><img loading=\"lazy\" decoding=\"async\" width=\"1000\" height=\"357\" src=\"http:\/\/www.fitano.cz\/wp-content\/uploads\/2026\/01\/PROGRAM-od-16.30-prezence-17.00-20.00h.-3-lekce-cviceni-DANCE-FOR-FUN-tanec-pro-kazdeho-DOKONALE-stehna-a-hyzde-BRISNI-PEKAC-uvolneni-a-relax-Cena549-Kc-v-predpodeji-659-Kc-na-miste.png\" alt=\"\" class=\"wp-image-8980\" srcset=\"http:\/\/www.fitano.cz\/wp-content\/uploads\/2026\/01\/PROGRAM-od-16.30-prezence-17.00-20.00h.-3-lekce-cviceni-DANCE-FOR-FUN-tanec-pro-kazdeho-DOKONALE-stehna-a-hyzde-BRISNI-PEKAC-uvolneni-a-relax-Cena549-Kc-v-predpodeji-659-Kc-na-miste.png 1000w, http:\/\/www.fitano.cz\/wp-content\/uploads\/2026\/01\/PROGRAM-od-16.30-prezence-17.00-20.00h.-3-lekce-cviceni-DANCE-FOR-FUN-tanec-pro-kazdeho-DOKONALE-stehna-a-hyzde-BRISNI-PEKAC-uvolneni-a-relax-Cena549-Kc-v-predpodeji-659-Kc-na-miste-300x107.png 300w, http:\/\/www.fitano.cz\/wp-content\/uploads\/2026\/01\/PROGRAM-od-16.30-prezence-17.00-20.00h.-3-lekce-cviceni-DANCE-FOR-FUN-tanec-pro-kazdeho-DOKONALE-stehna-a-hyzde-BRISNI-PEKAC-uvolneni-a-relax-Cena549-Kc-v-predpodeji-659-Kc-na-miste-150x54.png 150w, http:\/\/www.fitano.cz\/wp-content\/uploads\/2026\/01\/PROGRAM-od-16.30-prezence-17.00-20.00h.-3-lekce-cviceni-DANCE-FOR-FUN-tanec-pro-kazdeho-DOKONALE-stehna-a-hyzde-BRISNI-PEKAC-uvolneni-a-relax-Cena549-Kc-v-predpodeji-659-Kc-na-miste-768x274.png 768w\" sizes=\"auto, (max-width: 1000px) 100vw, 1000px\" \/><\/figure>\n\n\n\n<details class=\"wp-block-details is-layout-flow wp-block-details-is-layout-flow\"><summary>V\u00cdCE INFO ZDE<\/summary>\n<p class=\"has-cyan-bluish-gray-background-color has-background\"><strong>POVALENT\u00ddNSK\u00dd FITNESS 20.2. 2026 v p\u00e1tek<\/strong> <strong>s Mark\u00e9tou Stoklasovou<\/strong><br>Studio FIT FUN, Tov\u00e1rn\u00ed ulice 486\/7, Ostrava- Mari\u00e1nsk\u00e9 Hory. <\/p>\n\n\n\n<p class=\"has-cyan-bluish-gray-background-color has-background\"><strong>L\u00edstky v p\u0159edprodeji: 549 K\u010d<\/strong><br>L\u00edstky na akci: 659 K\u010d<br><strong>Po\u010det m\u00edst: 15 \/\/ Obsazeno: 9 \/\/ Voln\u00fdch: <\/strong>6<br>Objedn\u00e1vky na tel.: 604 366 066 u Mark\u00e9ty Stoklasov\u00e9<\/p>\n\n\n\n<p class=\"has-cyan-bluish-gray-background-color has-background\">V p\u0159\u00edpad\u011b nemoci lze vstupenku podstoupit jin\u00e9 osob\u011b. Vstupn\u00e9 v p\u0159edprodeji je nevratn\u00e9.<\/p>\n<\/details>\n","protected":false},"excerpt":{"rendered":"","protected":false},"author":1,"featured_media":0,"parent":11,"menu_order":0,"comment_status":"closed","ping_status":"closed","template":"","meta":{"_monsterinsights_skip_tracking":false,"_monsterinsights_sitenote_active":false,"_monsterinsights_sitenote_note":"","_monsterinsights_sitenote_category":0,"footnotes":""},"class_list":["post-8786","page","type-page","status-publish","hentry"],"_links":{"self":[{"href":"http:\/\/www.fitano.cz\/index.php?rest_route=\/wp\/v2\/pages\/8786","targetHints":{"allow":["GET"]}}],"collection":[{"href":"http:\/\/www.fitano.cz\/index.php?rest_route=\/wp\/v2\/pages"}],"about":[{"href":"http:\/\/www.fitano.cz\/index.php?rest_route=\/wp\/v2\/types\/page"}],"author":[{"embeddable":true,"href":"http:\/\/www.fitano.cz\/index.php?rest_route=\/wp\/v2\/users\/1"}],"replies":[{"embeddable":true,"href":"http:\/\/www.fitano.cz\/index.php?rest_route=%2Fwp%2Fv2%2Fcomments&post=8786"}],"version-history":[{"count":31,"href":"http:\/\/www.fitano.cz\/index.php?rest_route=\/wp\/v2\/pages\/8786\/revisions"}],"predecessor-version":[{"id":9190,"href":"http:\/\/www.fitano.cz\/index.php?rest_route=\/wp\/v2\/pages\/8786\/revisions\/9190"}],"up":[{"embeddable":true,"href":"http:\/\/www.fitano.cz\/index.php?rest_route=\/wp\/v2\/pages\/11"}],"wp:attachment":[{"href":"http:\/\/www.fitano.cz\/index.php?rest_route=%2Fwp%2Fv2%2Fmedia&parent=8786"}],"curies":[{"name":"wp","href":"https:\/\/api.w.org\/{rel}","templated":true}]}}