{"id":98,"date":"2016-09-20T20:40:59","date_gmt":"2016-09-20T19:40:59","guid":{"rendered":"http:\/\/www.fitano.cz\/?page_id=98"},"modified":"2026-04-24T07:50:14","modified_gmt":"2026-04-24T06:50:14","slug":"cviceni-u-more","status":"publish","type":"page","link":"http:\/\/www.fitano.cz\/?page_id=98","title":{"rendered":"CVI\u010cEN\u00cd U MO\u0158E"},"content":{"rendered":"\n<div class=\"wp-block-columns is-layout-flex wp-container-core-columns-is-layout-9d6595d7 wp-block-columns-is-layout-flex\">\n<div class=\"wp-block-column is-vertically-aligned-top is-layout-flow wp-block-column-is-layout-flow\" style=\"flex-basis:100%\">\n<figure class=\"wp-block-image size-full\"><img loading=\"lazy\" decoding=\"async\" width=\"1000\" height=\"357\" src=\"http:\/\/www.fitano.cz\/wp-content\/uploads\/2024\/09\/soline1.png\" alt=\"\" class=\"wp-image-7603\" srcset=\"http:\/\/www.fitano.cz\/wp-content\/uploads\/2024\/09\/soline1.png 1000w, http:\/\/www.fitano.cz\/wp-content\/uploads\/2024\/09\/soline1-300x107.png 300w, http:\/\/www.fitano.cz\/wp-content\/uploads\/2024\/09\/soline1-150x54.png 150w, http:\/\/www.fitano.cz\/wp-content\/uploads\/2024\/09\/soline1-768x274.png 768w\" sizes=\"auto, (max-width: 1000px) 100vw, 1000px\" \/><\/figure>\n\n\n\n<p class=\"has-text-align-left has-black-color has-luminous-vivid-amber-background-color has-text-color has-background has-link-color wp-elements-0ef98d6daaec75a8f6ef2a17d9d7787a\" style=\"font-size:15px\"><strong>V IT\u00c1LII SE CVI\u010cEN\u00cdM ve VILLAGGIO SALLINELLO **** s BAZ\u00c9NEM, V\u00cd\u0158IVKOU a BEACHVOLEJBALOV\u00ddM H\u0158I\u0160T\u011aM:<\/strong><\/p>\n\n\n\n<p><strong>TERM\u00cdN:&nbsp; 12.6.-21.6. 2026<\/strong> <\/p>\n<\/div>\n<\/div>\n\n\n\n<div class=\"wp-block-group\"><div class=\"wp-block-group__inner-container is-layout-constrained wp-block-group-is-layout-constrained\">\n<details class=\"wp-block-details is-layout-flow wp-block-details-is-layout-flow\"><summary>V\u00edce informac\u00ed k It\u00e1lii zde<\/summary>\n<p class=\"has-white-background-color has-background\"><strong>M\u00cdSTO:<\/strong> Komplex <strong>Villaggio Sallinello <\/strong>**** <br><strong>CENA FIRST MINUTE TERM\u00cdN: 10.999 K\u010d*<\/strong> \/osoba\/ mobiln\u00ed d\u016fm LUX 4 osoby\/ <br><strong>*p\u0159i zaplacen\u00ed z\u00e1lohy 3.999 K\u010d do 31.12.2025 <\/strong>na \u010d\u00edslo \u00fa\u010dtu: 263235530\/ 0600; VS 12062026. <br>Od 1.1. 2026 cena 11.999 K\u010d\/ osoba\/mobiln\u00ed d\u016fm LUX 4 osoby.<br>V cen\u011b CVI\u010cEN\u00cd a DOPRAVU AUTOBUSEM, UBYTOV\u00c1N\u00cd, Z\u00c1V\u011aRE\u010cN\u00dd \u00daKLID + nav\u00edc 2 baz\u00e9ny, <br>1 slune\u010dn\u00edk a leh\u00e1tko na pl\u00e1\u017ei na mobiln\u00ed d\u016fm, sportovi\u0161t\u011b atd. viz text n\u00ed\u017ee. <br>D\u00cdT\u011a DO 12 LET: -1000 K\u010d.<br>Luxusn\u00ed resort pat\u0159\u00edc\u00ed mezi nejl\u00e9pe vybaven\u00e1 st\u0159ediska v It\u00e1lii &#8211; soustava baz\u00e9n\u016f s hydromas\u00e1\u017e\u00ed a v\u00ed\u0159ivkou. Beachvolejbalov\u00e9, volejbalov\u00e9 a v\u00edce\u00fa\u010delov\u00e9 h\u0159i\u0161t\u011b, minigolf, lukost\u0159elba, p\u00e9tanque, stoln\u00ed tenis, fitness-centrum, golfov\u00fd trena\u017e\u00e9r, h\u0159i\u0161t\u011b pro nejmen\u0161\u00ed a d\u011btsk\u00e9 z\u00e1bavn\u00ed centrum s lanovou dr\u00e1hou!<br><br><strong>Cena <\/strong><b>zahrnuje:<\/b><\/p>\n\n\n\n<ul class=\"wp-block-list\">\n<li>Viktoria mobiln\u00ed domy pro 4 osoby (2x lo\u017enice pro 2 osoby) \/ 7 noc\u00ed<\/li>\n\n\n\n<li>pl\u00e1\u017eov\u00fd servis (1 slune\u010dn\u00edk + leh\u00e1tko + sed\u00e1tko\/mobiln\u00ed d\u016fm) <strong>zdarma.<\/strong><\/li>\n\n\n\n<li>slu\u017eby \u010desky mluv\u00edc\u00edho deleg\u00e1ta<\/li>\n\n\n\n<li>poji\u0161t\u011bn\u00ed proti \u00fapadku<\/li>\n\n\n\n<li>cvi\u010den\u00ed 2x denn\u011b: POWER J\u00d3GA, BODY TRAINING, B\u0158I\u0160N\u00cd PEK\u00c1\u010c, FAT BURNER, BODY BAND , FITNESS DANCE, FKT-kruhov\u00fd tr\u00e9nink, HIIT, FIT Barre , POSILOV\u00c1N\u00cd S RUBBER BANDY, AERO CLASS<\/li>\n\n\n\n<li>dopravu klimatizovan\u00fdm autobusem s WC<\/li>\n\n\n\n<li>Svoz sm\u011br Ostrava, Olomouc sm\u011br Brno \/ <strong>bez p\u0159\u00edplatku za svoz<\/strong>\/ Brno &#8211; p\u0159estup-n\u00e1stup, d\u00e1le trasa sm\u011br It\u00e1lie (odjezd OVA cca 14.30h., BRNO cca 18.30h.)<\/li>\n\n\n\n<li>z<strong>\u00e1v\u011bre\u010dn\u00fd \u00faklid <\/strong>zahrnut ji\u017e v cen\u011b pobytu<\/li>\n\n\n\n<li>vybaven\u00ed resortu : <strong>soustava baz\u00e9n\u016f s hydromas\u00e1\u017e\u00ed zdarma <\/strong>(koupac\u00ed \u010depice nutn\u00e1), obchodn\u00ed centrum, minimarket, <strong>restaurace, self-service<\/strong>, bar, pizzerie, cukr\u00e1rna, kade\u0159nictv\u00ed, bankomat, kongresov\u00e9 centrum, l\u00e9k\u00e1rna a ambulance.<\/li>\n\n\n\n<li>d\u00e1le: tartanov\u00e9 tenisov\u00e9 kurty, 2 fotbalov\u00e1 h\u0159i\u0161t\u011b s um\u011bl\u00fdm tr\u00e1vn\u00edkem, <strong>dv\u011b beachvolejbalov\u00e1, volejbalov\u00e9 a<\/strong> <strong>v\u00edce\u00fa\u010delov\u00e9 h\u0159i\u0161t\u011b<\/strong>,<strong> minigolf, lukost\u0159elba, p\u00e9tanque, stoln\u00ed tenis,<\/strong> <strong>fitness-centrum, golfov\u00fd trena\u017e\u00e9r, h\u0159i\u0161t\u011b pro nejmen\u0161\u00ed a d\u011btsk\u00e9 z\u00e1bavn\u00ed centrum s lanovou dr\u00e1hou.<\/strong> V\u0161echny programy a sportovi\u0161t\u011b jsou<strong> zdarma<\/strong>, vyjma fotbalov\u00e9ho h\u0159i\u0161t\u011b a tenisov\u00fdch kurt\u016f.&nbsp;<\/li>\n\n\n\n<li>Mobiln\u00ed domy LUX &#8211; popis: 1 lo\u017enice s man\u017eelsk\u00fdm dvoul\u016f\u017ekem1 lo\u017enice se dv\u011bma samostatn\u00fdmi l\u016f\u017eky. Obytn\u00e1 m\u00edstnost s rozkl\u00e1dac\u00edm dvoul\u016f\u017ekem. Deky a pol\u0161t\u00e1\u0159e (povle\u010den\u00ed za p\u0159\u00edplatek). Sprcha, toaleta, umyvadlo (v r\u016fzn\u00fdch modifikac\u00edch). Klimatizace. Kompletn\u011b vybaven\u00e1 kuchy\u0148sk\u00e1 linka. Lednice 212 l, rychlovarn\u00e1 konvice, mikrovlnn\u00e1 trouba. Kryt\u00e1 terasa cca 9\u201314 m\u00b2. Zahradn\u00ed n\u00e1bytek (st\u016fl, \u017eidle, p\u0159\u00edpadn\u011b slune\u010dn\u00ed leh\u00e1tko). Parkovac\u00ed m\u00edsto pro jedno vozidlo (za p\u0159\u00edplatek).<\/li>\n\n\n\n<li><strong>Cena nezahrnuje<\/strong>:<\/li>\n\n\n\n<li>pobytovou taxu<\/li>\n\n\n\n<li>mo\u017enost objednat povle\u010den\u00ed za 390 K\u010d\/ pobyt<\/li>\n\n\n\n<li>vratnou kauci 2.000 K\u010d (80 \u20ac)\/mobiln\u00ed d\u016fm<br>E MAIL: dovolena@victoria-ck.cz<\/li>\n\n\n\n<li>Telefon:&nbsp;<a href=\"tel:+420545213101\">+420 545 213 101<\/a><\/li>\n\n\n\n<li class=\"has-vivid-green-cyan-color has-text-color has-link-color wp-elements-a9c933f918db46273920cd8480f1d10d\">PO\u010cET M\u00cdST : 32<\/li>\n\n\n\n<li class=\"has-vivid-green-cyan-color has-text-color has-link-color wp-elements-43390dee89f24542369fd02c7d077e09\">OBSAZENO :&nbsp; 32<\/li>\n\n\n\n<li class=\"has-vivid-green-cyan-color has-text-color has-link-color wp-elements-6af010581266174af2116741bc142f84\">VOLN\u00ddCH M\u00cdST:  u\u017e pouze na vy\u017e\u00e1d\u00e1n\u00ed cel\u00fd mobiln\u00ed d\u016fm 2+2 \/ 4 osoby<br><\/li>\n<\/ul>\n<\/details>\n<\/div><\/div>\n\n\n\n<figure class=\"wp-block-image is-resized\"><img loading=\"lazy\" decoding=\"async\" width=\"1000\" height=\"357\" src=\"http:\/\/www.fitano.cz\/wp-content\/uploads\/2019\/01\/rabac1.png\" alt=\"\" class=\"wp-image-2326\" srcset=\"http:\/\/www.fitano.cz\/wp-content\/uploads\/2019\/01\/rabac1.png 1000w, http:\/\/www.fitano.cz\/wp-content\/uploads\/2019\/01\/rabac1-150x54.png 150w, http:\/\/www.fitano.cz\/wp-content\/uploads\/2019\/01\/rabac1-300x107.png 300w, http:\/\/www.fitano.cz\/wp-content\/uploads\/2019\/01\/rabac1-768x274.png 768w\" sizes=\"auto, (max-width: 1000px) 100vw, 1000px\" \/><\/figure>\n\n\n\n<p class=\"has-black-color has-luminous-vivid-amber-background-color has-text-color has-background has-link-color wp-elements-8b6c379b8f66ce5cee5ca31e1827919e\" style=\"text-decoration:underline\"><span style=\"text-decoration: underline;\"><strong>V CHORVATSKU SE CVI\u010cEN\u00cdM&nbsp;&nbsp;NA RABACU:<\/strong><\/span><\/p>\n\n\n\n<p class=\"has-black-color has-text-color has-link-color wp-elements-17ba9ff412e34fe38dfba34ede09ef68\"><strong>TERM\u00cdN NA PR\u00c1ZDNINY:&nbsp; 21.7.-29.7. 2026  <\/strong><\/p>\n\n\n\n<details class=\"wp-block-details is-layout-flow wp-block-details-is-layout-flow\"><summary>V\u00edce informac\u00ed k Chorvatsku zde<\/summary>\n<ul class=\"wp-block-list\">\n<li>Stejn\u011b jako v minul\u00fdch letech pro V\u00e1s i letos organizujeme pobyt s aerobikem pod veden\u00edm cvi\u010ditelky Mgr. Mark\u00e9ty Stoklasov\u00e9. Nab\u00edz\u00edme V\u00e1m jedine\u010dnou mo\u017enost aktivn\u00edho str\u00e1ven\u00ed Va\u0161\u00ed dovolen\u00e9 ve m\u00e1 r\u016fzn\u00e9 pl\u00e1\u017ee, p\u0159\u00edjemn\u00e9 prost\u0159ed\u00ed pr\u00e1zdninov\u00e9ho m\u011bsta a promen\u00e1dy. M\u00e1 velmi stabiln\u00ed po\u010das\u00ed. Ubytujeme V\u00e1s ve zd\u011bn\u00fdch bungalovech, kter\u00e9 se nach\u00e1z\u00ed bl\u00edzko u mo\u0159e.<\/li>\n\n\n\n<li><b>M\u00cdSTO<\/b><strong><b>:<\/b> Rabac<\/strong>, chatov\u00fd are\u00e1l Oliva<br><br><b><strong>CENA FIRST MINUTE TERM\u00cdN<\/strong>:<\/b>&nbsp; 9.990 K\u010d\/osoba\/ BGW pro 4 osoby\/<br>* <b>p\u0159i zaplacen\u00ed z\u00e1lohy 3.990 K\u010d do 31.12.2025 na \u010d.\u00fa. 263235530\/ 0600; <strong>VS<\/strong> <\/b><strong>21072026<\/strong><br><strong>CENA<\/strong> <strong>D\u00cdT\u011a do 16 let na p\u0159ist\u00fdlce:<\/strong>&nbsp; 5090&nbsp;K\u010d <strong><b>&nbsp;<\/b> CENA D\u00cdT\u011a nad 16 let na p\u0159ist\u00fdlce:<\/strong>&nbsp; 5690&nbsp;K\u010d <br><strong>CENA DOSP\u011aL\u00dd od 18 let na p\u0159ist\u00fdlce<\/strong>: 8190 K\u010d <br>BGW pro 2 osoby + mo\u017enost 1 p\u0159ist\u00fdlka: +1400K\u010d \/osoba<\/li>\n\n\n\n<li>Od 1.1. 2026 cena + 1000 K\u010d tzn. 10.990 K\u010d\/ osoba\/ BGW pro 4 osoby atd. u ostatn\u00edch cen.<br><br><strong>Zahrnuje:<\/strong><\/li>\n\n\n\n<li><strong>ubytov\u00e1n\u00ed 7 noc\u00ed v BGW &nbsp; pro  4 osoby <\/strong>\/ 2 m\u00edstnost se 2 l\u016f\u017eky nebo man\u017eelskou postel\u00ed. Pokoje maj\u00ed mo\u017enost 2 p\u0159ist\u00fdlek. Sou\u010d\u00e1st\u00ed je TV, soci\u00e1ln\u00ed za\u0159\u00edzen\u00ed, sprcha, vybaven\u00e1 kuchy\u0148, ledni\u010dka, varn\u00e1 konvice, 2 plot\u00fdnkov\u00fd va\u0159i\u010d, Wi-Fi.<\/li>\n\n\n\n<li>slu\u017eby deleg\u00e1ta<\/li>\n\n\n\n<li>poji\u0161t\u011bn\u00ed proti \u00fapadku<\/li>\n\n\n\n<li>z\u00e1v\u011bre\u010dn\u00fd \u00faklid<\/li>\n\n\n\n<li>povle\u010den\u00ed<\/li>\n\n\n\n<li>toaletn\u00ed pap\u00edr po celou dobu pobytu<\/li>\n\n\n\n<li>dopravu klimatizovan\u00fdm autobusem s WC (Ostrava, Brno, B\u0159eclav)<\/li>\n\n\n\n<li class=\"has-black-color has-white-background-color has-text-color has-background has-link-color wp-elements-b94f2174f1156631cc063657b72809f3\">cvi\u010den\u00ed 2x denn\u011b: POWER JOGA, BODY STYLING, TABATA, BODY TRAINING, B\u0158I\u0160N\u00cd PEK\u00c1\u010c,FITNESS DANCE, KRUHOV\u00dd TR\u00c9NINK, PROBL\u00c9MOV\u00c9 PARTIE, Posilov\u00e1n\u00ed s&nbsp; MSD-BAND p\u00e1sy, FIT BARRE.<br><br><b>NECVI\u010c\u00cdC\u00cd:<\/b>&nbsp; -700&nbsp; K\u010d<strong><b>&nbsp;<\/b><\/strong><br><strong>SVOZY:<\/strong> v cen\u011b z\u00e1jezdu\/ 0 K\u010d<br><br><strong>POVINN\u00c9 POJI\u0160T\u011aN\u00cd U CK<\/strong> komplexn\u00ed poji\u0161t\u011bn\u00ed K15S UNIQA. Ceny jsou odstup\u0148ovan\u00e9 dle v\u011bku:<\/li>\n\n\n\n<li>do 59,99 let \/ den: 47 K\u010d, tzn. 423 K\u010d\/pobyt<\/li>\n\n\n\n<li>60 &#8211; 69,99 let \/ den: 52 K\u010d, tzn. 468 K\u010d\/pobyt<\/li>\n\n\n\n<li class=\"has-black-color has-white-background-color has-text-color has-background has-link-color wp-elements-643edd99fc8363e274c36463efb4917e\">od 70 let \/ den: 64 K\u010d, tzn. 576 K\u010d \/ pobyt (povinn\u00fd p\u0159\u00edplatek, kv\u016fli poji\u0161t\u011bn\u00ed storna z\u00e1jezd\u016f pro p\u0159\u00edpad onemocn\u011bn\u00ed p\u0159ed z\u00e1jezdem).<br><strong>MO\u017dNOST DOKOUPEN\u00cd POLOPENZE (\u010cESK\u00c1) : 1300 K\u010d\/os. Pod\u00e1v\u00e1 se cca 50 m<\/strong> od ubytov\u00e1n\u00ed, odn\u00e1\u0161\u00edte si j\u00ed na BGW.<br><strong><br>INFORMACE K REZERVACI***<\/strong><br>Platnost rezervace a konkr\u00e9tn\u00edho domluven\u00e9ho po\u010dtu bungalov\u016f do 31.12.2025.<br>Z\u00e1jemci kontaktujte <strong>cvi\u010ditelku <b>Mark\u00e9tu Stoklasovou na e mail: info@fitano.cz; tel: 604 366 066<\/b><\/strong> <br>v p\u0159\u00edpad\u011b podrobn\u00fdch dotaz\u016f KM travel na e mail: fm@kmtravel.cz, tel.: 558 648 444. <br>1. z\u00e1loha: 3.990 K\u010d\/ do 31.12.2025 <br>2. z\u00e1loha: do 50% z ceny z\u00e1jezdu do 16.4.2026 (3 m\u011bs\u00edce p\u0159ed odjezdem)<br>3. z\u00e1loha: doplatek do 100% do 16.6.2026<\/li>\n\n\n\n<li class=\"has-vivid-green-cyan-color has-text-color has-link-color wp-elements-34d9a02404818be8847eb37584b34423\"><strong>PO\u010cET M\u00cdST:<\/strong> 22<\/li>\n\n\n\n<li class=\"has-vivid-green-cyan-color has-text-color has-link-color wp-elements-d996e92e20a339f137f9ce033c09d1da\"><strong>OBSAZENO:&nbsp; <\/strong>21<\/li>\n\n\n\n<li class=\"has-vivid-green-cyan-color has-text-color has-link-color wp-elements-dcec2fc8d57d128d5eef8090824c0ce1\"><strong>VOLN\u00ddCH&nbsp; M\u00cdST:<\/strong> 1 voln\u00e9 m\u00edsto na BGW 2<\/li>\n<\/ul>\n<\/details>\n\n\n\n<figure class=\"wp-block-image size-full\"><img loading=\"lazy\" decoding=\"async\" width=\"1000\" height=\"357\" src=\"http:\/\/www.fitano.cz\/wp-content\/uploads\/2026\/02\/\u00a8Kamena-Vourla-Hotel-Sissy-4.png\" alt=\"\" class=\"wp-image-9060\" srcset=\"http:\/\/www.fitano.cz\/wp-content\/uploads\/2026\/02\/\u00a8Kamena-Vourla-Hotel-Sissy-4.png 1000w, http:\/\/www.fitano.cz\/wp-content\/uploads\/2026\/02\/\u00a8Kamena-Vourla-Hotel-Sissy-4-300x107.png 300w, http:\/\/www.fitano.cz\/wp-content\/uploads\/2026\/02\/\u00a8Kamena-Vourla-Hotel-Sissy-4-150x54.png 150w, http:\/\/www.fitano.cz\/wp-content\/uploads\/2026\/02\/\u00a8Kamena-Vourla-Hotel-Sissy-4-768x274.png 768w\" sizes=\"auto, (max-width: 1000px) 100vw, 1000px\" \/><\/figure>\n\n\n\n<p class=\"has-black-color has-luminous-vivid-amber-background-color has-text-color has-background has-link-color wp-elements-00fbed362c79fe27abb707f931bf28d1\"><span style=\"text-decoration: underline;\"><strong><mark style=\"background-color:rgba(0, 0, 0, 0)\" class=\"has-inline-color has-black-color\">V \u0158ECKU SE CVI\u010cEN\u00cdM&nbsp; LETECKY, HOTEL SISSY, KAMEN\u00c1 VOURLA 180 km severn\u011b od Ath\u00e9n:<\/mark><\/strong><\/span><\/p>\n\n\n\n<p><strong>1.TERM\u00cdN: 20.8.-27.8.2026\/<br><b>2.TERM\u00cdN: 27.8.-3.9. 202<\/b>6\/<\/strong><\/p>\n\n\n\n<details class=\"wp-block-details is-layout-flow wp-block-details-is-layout-flow\"><summary>V\u00edce informac\u00ed k \u0158ecku zde<\/summary>\n<ul class=\"wp-block-list\">\n<li>Pro velk\u00fd ohlas pro V\u00e1s&nbsp; organizujeme pobyt se cvi\u010den\u00edm pod veden\u00edm cvi\u010ditelky Mgr. Mark\u00e9ty Stoklasov\u00e9. Nab\u00edz\u00edme V\u00e1m jedine\u010dnou mo\u017enost aktivn\u00edho str\u00e1ven\u00ed&nbsp; Va\u0161\u00ed dovolen\u00e9 v \u0158ecku v p\u0159\u00edmo\u0159sk\u00fdch term\u00e1ln\u00edch l\u00e1zn\u00edch na ji\u017en\u00edm pob\u0159e\u017e\u00ed z\u00e1livu Maliakos mezi horami a mo\u0159em. Jsou zde voln\u011b p\u0159\u00edstupn\u00e9 term\u00e1ln\u00ed prameny. Pouh\u00fdch 180 km od Ath\u00e9n. Je zde mno\u017estv\u00ed obch\u016fdk\u016f a taveren, restaurac\u00ed, pl\u00e1\u017eov\u00fdch bar\u016f, p\u016fj\u010doven aut a motorek. Poloha letoviska je ide\u00e1ln\u00ed k fakultativn\u00edm v\u00fdlet\u016fm: Thermopyly (30km), Delfy (110 km), kl\u00e1\u0161tery Meteora, Ath\u00e9ny. Hotel SISSY se nach\u00e1z\u00ed p\u0159\u00edmo na priv\u00e1tn\u00ed pl\u00e1\u017ei. Venkovn\u00ed baz\u00e9n s leh\u00e1tky zdarma. Wi-Fi v lobby baru zdarma. Leh\u00e1tka na pl\u00e1\u017ei ZDARMA.<\/li>\n<\/ul>\n\n\n\n<ul class=\"wp-block-list\">\n<li><strong>1.TERM\u00cdN : &nbsp;20.8.-27.8.2026 letecky z Brna <\/strong><br>v\u010detn\u011b transferu z a na leti\u0161t\u011b v \u0158ecku cca 80min. a polopenze <strong> <\/strong><\/li>\n\n\n\n<li class=\"has-black-color has-white-background-color has-text-color has-background has-link-color wp-elements-17e5784bdc619813f39aae2868d76e64\"><b>2.TERM\u00cdN 27.8.-3.9. 2026 letecky<\/b><strong><b> <\/b> z Brna<\/strong><br>v\u010detn\u011b transferu z a na leti\u0161t\u011b v \u0158ecku cca 80 min. a polopenze<\/li>\n\n\n\n<li>P\u0159edpokl\u00e1dan\u00fd odlet z Brna v 7:00 do Volosu v 10:00h. Odlet z Volosu 10:55h., p\u0159\u00edlet Brno 12:10h.<\/li>\n\n\n\n<li><b>M\u00cdSTO<\/b><strong><b>:<\/b> v hotelu SISSY *** s polopenz\u00ed<\/strong> \/ sn\u00eddan\u011b i ve\u010de\u0159e formou bohat\u00e9ho bufetu v hotelov\u00e9 restauraci.<\/li>\n\n\n\n<li><b>CENA&nbsp; LETECKY:<\/b><strong> <\/strong><strong>19.290 K\u010d term\u00edn \u010d. 1 \/ term\u00edn \u010d.2<\/strong><\/li>\n\n\n\n<li>D\u011aTSK\u00c1 CENA do 12 let: 11.990 K\u010d LETECKY na 3.l\u016f\u017eku(p\u0159ist\u00fdlce) nebo 3. a 4.l\u016f\u017eku ve 4-l\u016f\u017e.pokoji. <\/li>\n\n\n\n<li>CENA JUNIOR od 13 -17 let: 17.490 K\u010d. <\/li>\n\n\n\n<li><strong>Rezervace m\u00edsta je podm\u00edn\u011bna z\u00e1lohou 3.000 K\u010d do 31.12. 2025 . <\/strong><br><br><strong>Zahrnuje:<\/strong><\/li>\n\n\n\n<li>ubytov\u00e1n\u00ed pokoje 2l\u016f\u017ekov\u00e9 a mo\u017enost\u00ed 1 p\u0159ist\u00fdlky pro d\u00edt\u011b, koupelna a WC, f\u00e9n<\/li>\n\n\n\n<li>\u010dty\u0159l\u016f\u017ekov\u00e9 pokoje s man\u017eelskou postel\u00ed <\/li>\n\n\n\n<li>rodinn\u00e9 pokoje s dv\u011bma lo\u017enicemi pro 4 osoby<\/li>\n\n\n\n<li>doprava LETECKY&nbsp;(odlety z Brna) <strong>Letecky je v\u010detn\u011b transferu autobusem z leti\u0161t\u011b do hotelu.<\/strong> <br>V\u00e1ha zavazadla do letadla cca 23 kg a p\u0159\u00edru\u010dn\u00ed zavazadlo max. 8 kg v cen\u011b letenky.<\/li>\n\n\n\n<li>cvi\u010den\u00ed 2x denn\u011b: POWER JOGA, FAT BURNER, PORT DE BRAS, BODY TRAINING, FKT- kruhov\u00fd tr\u00e9nink, B\u0158I\u0160N\u00cd PEK\u00c1\u010c, DANCE AEROBIK, HIIT , POSILOV\u00c1N\u00cd SH, BARRE workout&#8230;..<\/li>\n\n\n\n<li><strong>BAZ\u00c9N s leh\u00e1tky a slune\u010dn\u00edky ZDARMA&nbsp; i s mo\u017enost\u00ed cvi\u010den\u00ed v baz\u00e9nu pro skupiny<\/strong><\/li>\n\n\n\n<li>TERASA NA CVI\u010cEN\u00cd<\/li>\n\n\n\n<li>Wi-Fi <\/li>\n\n\n\n<li><strong>hotel m\u00e1 vlastn\u00ed PL\u00c1\u017d s leh\u00e1tky ZDARMA<\/strong><\/li>\n\n\n\n<li>slu\u017eby deleg\u00e1ta, poji\u0161t\u011bn\u00ed CK<\/li>\n<\/ul>\n\n\n\n<ul class=\"wp-block-list\">\n<li><strong>Cena nezahrnuje:<\/strong><\/li>\n\n\n\n<li>komplexn\u00ed cestovn\u00ed poji\u0161t\u011bn\u00ed v\u010d. l\u00e9\u010debn\u00fdch v\u00fdloh a storna 600 K\u010d\/ poji\u0161\u0165ovna Colonnade<\/li>\n\n\n\n<li>transfer na\/z leti\u0161t\u011b do Brna za +1500 K\u010d \/osoba (oba sm\u011bry)<\/li>\n\n\n\n<li class=\"has-vivid-green-cyan-background-color has-background\"><strong>Z\u00e1jemci kontaktujte na tel: 581 605 080; mobil: 604 252 146; email: bontonck@bontonck.cz . Zejm\u00e9na ti co cht\u011bj\u00ed letecky, zarezervujte si sv\u00e9 m\u00edsto co nejd\u0159\u00edve. D\u011bkujeme. <\/strong><br><strong>Spl\u00e1tkov\u00fd kalend\u00e1\u0159: <\/strong><br><strong>30 % s podpisem smlouvy do 31.12.2025, pak do konce b\u0159ezna 2026 &#8211; 20 % <\/strong><br><strong>40 dn\u016f p\u0159ed odletem 50 % ceny z\u00e1jezdu. *<\/strong><\/li>\n\n\n\n<li class=\"has-luminous-vivid-orange-color has-text-color has-link-color wp-elements-ad11c5a94d6a481d92de9783884fd95f\"><strong>PO\u010cET M\u00cdST 1.term\u00edn: 24\/\/ Obsazeno: 20\/\/<\/strong> !!! 1 VOLN\u00c9 M\u00cdSTO NA 2 L\u016e\u017d.POKOJI !!!<br><strong>VOLN\u00c1 M\u00cdSTA: <\/strong>2&#215;2 l\u016f\u017ekov\u00fd pokoj REZERVACE v CK do 17.4. 2026 \/ 4 letenky<\/li>\n\n\n\n<li class=\"has-luminous-vivid-orange-color has-text-color has-link-color wp-elements-a156cb518f066d15875e770ce5787cf0\"><strong>PO\u010cET M\u00cdST 2.term\u00edn: 14\/\/ Obsazeno: 10\/\/ <\/strong><br>!!! <strong><strong>VOLN\u00c1 M\u00cdSTA:<\/strong><\/strong> 2&#215;2 l\u016f\u017ekov\u00fd pokoj REZERVACE v CK do 17.4. 2026 \/ 4 letenky !!!<\/li>\n<\/ul>\n\n\n\n<p><strong>POZOR: Od 1.1.2026 LETENKY jsou voln\u011b prodejn\u00e9 i pro ve\u0159ejnost z cel\u00e9 \u010cR, proto si zarezervujte sv\u00e9 m\u00edsto co nejd\u0159\u00edve !<\/strong><\/p>\n<\/details>\n\n\n\n<p> <strong>&nbsp; &nbsp;&nbsp; &nbsp; &nbsp; &nbsp; &nbsp; &nbsp; &nbsp;<\/strong><\/p>\n\n\n\n<p><strong> &nbsp; &nbsp; &nbsp; &nbsp; &nbsp; &nbsp; &nbsp; &nbsp; &nbsp; &nbsp; &nbsp; &nbsp; &nbsp; &nbsp; &nbsp; &nbsp; &nbsp; &nbsp; &nbsp; &nbsp; &nbsp; &nbsp; &nbsp; &nbsp; &nbsp; &nbsp; &nbsp; &nbsp; &nbsp; &nbsp; &nbsp; &nbsp; &nbsp; &nbsp; &nbsp; &nbsp; &nbsp; &nbsp; &nbsp; &nbsp; &nbsp; &nbsp; &nbsp; &nbsp; &nbsp; &nbsp; &nbsp; &nbsp; &nbsp; &nbsp; &nbsp; &nbsp; &nbsp; &nbsp; &nbsp; &nbsp; &nbsp; &nbsp; &nbsp; &nbsp; &nbsp; &nbsp;<\/strong><\/p>\n","protected":false},"excerpt":{"rendered":"<p>V IT\u00c1LII SE CVI\u010cEN\u00cdM ve VILLAGGIO SALLINELLO **** s BAZ\u00c9NEM, V\u00cd\u0158IVKOU a BEACHVOLEJBALOV\u00ddM H\u0158I\u0160T\u011aM: TERM\u00cdN:&nbsp; 12.6.-21.6. 2026 V CHORVATSKU SE CVI\u010cEN\u00cdM&nbsp;&nbsp;NA RABACU: TERM\u00cdN NA PR\u00c1ZDNINY:&nbsp; 21.7.-29.7. 2026 V \u0158ECKU SE [&hellip;]<\/p>\n","protected":false},"author":1,"featured_media":0,"parent":11,"menu_order":1,"comment_status":"closed","ping_status":"closed","template":"","meta":{"_monsterinsights_skip_tracking":false,"_monsterinsights_sitenote_active":false,"_monsterinsights_sitenote_note":"","_monsterinsights_sitenote_category":0,"footnotes":""},"class_list":["post-98","page","type-page","status-publish","hentry"],"_links":{"self":[{"href":"http:\/\/www.fitano.cz\/index.php?rest_route=\/wp\/v2\/pages\/98","targetHints":{"allow":["GET"]}}],"collection":[{"href":"http:\/\/www.fitano.cz\/index.php?rest_route=\/wp\/v2\/pages"}],"about":[{"href":"http:\/\/www.fitano.cz\/index.php?rest_route=\/wp\/v2\/types\/page"}],"author":[{"embeddable":true,"href":"http:\/\/www.fitano.cz\/index.php?rest_route=\/wp\/v2\/users\/1"}],"replies":[{"embeddable":true,"href":"http:\/\/www.fitano.cz\/index.php?rest_route=%2Fwp%2Fv2%2Fcomments&post=98"}],"version-history":[{"count":564,"href":"http:\/\/www.fitano.cz\/index.php?rest_route=\/wp\/v2\/pages\/98\/revisions"}],"predecessor-version":[{"id":9227,"href":"http:\/\/www.fitano.cz\/index.php?rest_route=\/wp\/v2\/pages\/98\/revisions\/9227"}],"up":[{"embeddable":true,"href":"http:\/\/www.fitano.cz\/index.php?rest_route=\/wp\/v2\/pages\/11"}],"wp:attachment":[{"href":"http:\/\/www.fitano.cz\/index.php?rest_route=%2Fwp%2Fv2%2Fmedia&parent=98"}],"curies":[{"name":"wp","href":"https:\/\/api.w.org\/{rel}","templated":true}]}}