{"id":13,"date":"2016-09-18T20:57:45","date_gmt":"2016-09-18T19:57:45","guid":{"rendered":"http:\/\/www.fitano.cz\/?page_id=13"},"modified":"2025-01-29T16:44:27","modified_gmt":"2025-01-29T15:44:27","slug":"online-lekce","status":"publish","type":"page","link":"https:\/\/www.fitano.cz\/?page_id=13","title":{"rendered":"ONLINE lekce"},"content":{"rendered":"\n<p class=\"has-vivid-green-cyan-background-color has-background\">90 lekc\u00ed najdete na kan\u00e1le you tube v HD kvalit\u011b na kan\u00e1le: <strong>www.youtube.com\/@marketastoklasova1287<\/strong> v HD kvalit\u011b.<\/p>\n\n\n\n<p class=\"has-pale-cyan-blue-background-color has-background\"><strong>V\u00fdhodou je, \u017ee tr\u00e9ninkem neztr\u00e1c\u00ed\u0161 \u010das. M\u016f\u017ee\u0161 cvi\u010dit  kdykoliv m\u00e1\u0161 \u010das a chu\u0165<\/strong>.<\/p>\n\n\n\n<p class=\"has-vivid-green-cyan-background-color has-background\"><strong>Nelimituje t\u011b d\u00e9lka lekce, kdy\u017e ji neodcvi\u010d\u00ed\u0161, tak si ji pust\u00ed\u0161 na pokra\u010dov\u00e1n\u00ed nebo prost\u011b celou znova.<\/strong><\/p>\n\n\n\n<p class=\"has-pale-cyan-blue-background-color has-background\">Pokud se v\u00e1m l\u00edb\u00ed, m\u016f\u017eete n\u00e1m poslat jak\u00fdkoliv p\u0159\u00edsp\u011bvek t\u0159eba na k\u00e1vi\u010dku viz QR k\u00f3d. S\u00e1m si zvol \u010d\u00e1stku, kterou n\u00e1m chce\u0161 darovat. D\u011bkujeme. <\/p>\n\n\n\n<p class=\"has-text-align-center\"><strong>QR k\u00f3d k \u00fahrad\u011b jak\u00e9hokoliv p\u0159\u00edsp\u011bvku za Online lekce. <\/strong><\/p>\n\n\n<div class=\"wp-block-image\">\n<figure class=\"aligncenter size-full is-resized\"><img loading=\"lazy\" decoding=\"async\" width=\"450\" height=\"450\" src=\"http:\/\/www.fitano.cz\/wp-content\/uploads\/2025\/01\/IMG-20250123-WA0001.jpg\" alt=\"\" class=\"wp-image-8008\" style=\"width:135px;height:auto\" srcset=\"https:\/\/www.fitano.cz\/wp-content\/uploads\/2025\/01\/IMG-20250123-WA0001.jpg 450w, https:\/\/www.fitano.cz\/wp-content\/uploads\/2025\/01\/IMG-20250123-WA0001-300x300.jpg 300w, https:\/\/www.fitano.cz\/wp-content\/uploads\/2025\/01\/IMG-20250123-WA0001-150x150.jpg 150w\" sizes=\"auto, (max-width: 450px) 100vw, 450px\" \/><\/figure>\n<\/div>\n\n\n<figure class=\"wp-block-image\"><a href=\"https:\/\/www.youtube.com\/@marketastoklasova1287\"><img loading=\"lazy\" decoding=\"async\" width=\"1000\" height=\"357\" src=\"http:\/\/www.fitano.cz\/wp-content\/uploads\/2022\/11\/ONLINE-1.png\" alt=\"\" class=\"wp-image-6176\" srcset=\"https:\/\/www.fitano.cz\/wp-content\/uploads\/2022\/11\/ONLINE-1.png 1000w, https:\/\/www.fitano.cz\/wp-content\/uploads\/2022\/11\/ONLINE-1-300x107.png 300w, https:\/\/www.fitano.cz\/wp-content\/uploads\/2022\/11\/ONLINE-1-150x54.png 150w, https:\/\/www.fitano.cz\/wp-content\/uploads\/2022\/11\/ONLINE-1-768x274.png 768w\" sizes=\"auto, (max-width: 1000px) 100vw, 1000px\" \/><\/a><\/figure>\n\n\n\n<p><\/p>\n","protected":false},"excerpt":{"rendered":"<p>90 lekc\u00ed najdete na kan\u00e1le you tube v HD kvalit\u011b na kan\u00e1le: www.youtube.com\/@marketastoklasova1287 v HD kvalit\u011b. V\u00fdhodou je, \u017ee tr\u00e9ninkem neztr\u00e1c\u00ed\u0161 \u010das. M\u016f\u017ee\u0161 cvi\u010dit kdykoliv m\u00e1\u0161 \u010das a chu\u0165. Nelimituje [&hellip;]<\/p>\n","protected":false},"author":1,"featured_media":0,"parent":0,"menu_order":1,"comment_status":"closed","ping_status":"closed","template":"","meta":{"_monsterinsights_skip_tracking":false,"_monsterinsights_sitenote_active":false,"_monsterinsights_sitenote_note":"","_monsterinsights_sitenote_category":0,"footnotes":""},"class_list":["post-13","page","type-page","status-publish","hentry"],"_links":{"self":[{"href":"https:\/\/www.fitano.cz\/index.php?rest_route=\/wp\/v2\/pages\/13","targetHints":{"allow":["GET"]}}],"collection":[{"href":"https:\/\/www.fitano.cz\/index.php?rest_route=\/wp\/v2\/pages"}],"about":[{"href":"https:\/\/www.fitano.cz\/index.php?rest_route=\/wp\/v2\/types\/page"}],"author":[{"embeddable":true,"href":"https:\/\/www.fitano.cz\/index.php?rest_route=\/wp\/v2\/users\/1"}],"replies":[{"embeddable":true,"href":"https:\/\/www.fitano.cz\/index.php?rest_route=%2Fwp%2Fv2%2Fcomments&post=13"}],"version-history":[{"count":95,"href":"https:\/\/www.fitano.cz\/index.php?rest_route=\/wp\/v2\/pages\/13\/revisions"}],"predecessor-version":[{"id":8072,"href":"https:\/\/www.fitano.cz\/index.php?rest_route=\/wp\/v2\/pages\/13\/revisions\/8072"}],"wp:attachment":[{"href":"https:\/\/www.fitano.cz\/index.php?rest_route=%2Fwp%2Fv2%2Fmedia&parent=13"}],"curies":[{"name":"wp","href":"https:\/\/api.w.org\/{rel}","templated":true}]}}