{"id":131,"date":"2016-09-21T21:39:30","date_gmt":"2016-09-21T20:39:30","guid":{"rendered":"http:\/\/www.fitano.cz\/?page_id=131"},"modified":"2024-11-24T14:04:51","modified_gmt":"2024-11-24T13:04:51","slug":"instruktori","status":"publish","type":"page","link":"https:\/\/www.fitano.cz\/?page_id=131","title":{"rendered":"INSTRUKTO\u0158I"},"content":{"rendered":"<h4><strong>Mgr.\u00a0MARK\u00c9TA STOKLASOV\u00c1<\/strong><\/h4>\n<p><img loading=\"lazy\" decoding=\"async\" class=\"alignnone wp-image-6164\" src=\"http:\/\/www.fitano.cz\/wp-content\/uploads\/2022\/11\/1647356559323-683x1024.jpg\" alt=\"\" width=\"250\" height=\"375\" srcset=\"https:\/\/www.fitano.cz\/wp-content\/uploads\/2022\/11\/1647356559323-683x1024.jpg 683w, https:\/\/www.fitano.cz\/wp-content\/uploads\/2022\/11\/1647356559323-200x300.jpg 200w, https:\/\/www.fitano.cz\/wp-content\/uploads\/2022\/11\/1647356559323-100x150.jpg 100w, https:\/\/www.fitano.cz\/wp-content\/uploads\/2022\/11\/1647356559323-768x1152.jpg 768w, https:\/\/www.fitano.cz\/wp-content\/uploads\/2022\/11\/1647356559323-1024x1536.jpg 1024w, https:\/\/www.fitano.cz\/wp-content\/uploads\/2022\/11\/1647356559323-1365x2048.jpg 1365w, https:\/\/www.fitano.cz\/wp-content\/uploads\/2022\/11\/1647356559323-scaled.jpg 1706w\" sizes=\"auto, (max-width: 250px) 100vw, 250px\" \/><\/p>\n<h2><\/h2>\n<p><strong>Skupinov\u00fd tren\u00e9r,\u00a0 osobn\u00ed tren\u00e9r, konzultant j\u00eddeln\u00ed\u010dk\u016f, terapeut zdrav\u00ed a \u017eivotn\u00edho stylu, vedouc\u00ed FITANO clubu<\/strong><br \/>\nVzd\u011bl\u00e1n\u00ed:<br \/>\nSPg\u0160 &#8211; obor u\u010ditelka Mt\u0160<br \/>\nVysoko\u0161kolsk\u00e9: Fakulta T\u011blesn\u00e9 Kultury Univerzity Palack\u00e9ho Olomouc<br \/>\nNejvy\u0161\u0161\u00ed mo\u017en\u00e9 vzd\u011bl\u00e1n\u00ed AEROBIKU v \u010cR: Profi licence A IFFA u FACE EDUCATION<br \/>\nNIKE Fitness Instructor<br \/>\nCvi\u010ditelkou od roku 1993<\/p>\n<p style=\"text-align: justify;\">Od roku 1994, kdy ukon\u010dila studium na Fakult\u011b t\u011blesn\u00e9 kultury Univerzity Palack\u00e9ho se v\u011bnuje budov\u00e1n\u00ed a rozvoji sportovn\u00ed agentury. Jej\u00ed hlavn\u00ed dom\u00e9nou je BODY TRAINING, BOSU, TRX, FKT, PORT DE BRAS, DANCE AEROBIK, STEP AEROBIK a POWER JOGA, HORMON\u00c1LN\u00cd JOGA . Tak\u00e9 se v\u011bnuje pl\u00e1nov\u00e1n\u00ed j\u00eddeln\u00ed\u010dk\u016f pro klienty na m\u00edru. V roce 1999 napsala skripta \u0161kolen\u00ed cvi\u010ditelek aerobiku pro firmu Prosport, ve kter\u00e9 tak\u00e9 \u0161kolila. Od po\u010d\u00e1tku firmy po\u0159\u00e1d\u00e1 ka\u017edoro\u010dn\u011b kurzy snowboardov\u00e9 a ly\u017ea\u0159sk\u00e9 \u0161koly s velmi kladn\u00fdm ohlasem. D\u00e1le organizuje p\u0159\u00edm\u011bstsk\u00e9 sportovn\u00ed IN LINE kempy pro d\u011bti.<\/p>\n<h4><strong>PETRA\u00a0FRELICHOV\u00c1<\/strong><\/h4>\n<p style=\"text-align: justify;\">Dr\u017eitel licence V\u0160B-TUO &#8211; instruktor aerobiku I. t\u0159\u00eddy, rozhod\u010d\u00ed sout\u011b\u017e\u00ed Master Class \u010cSAE a FISAF. Cvi\u010ditelsk\u00e9 pr\u00e1ci se v\u011bnuje od roku 1999. Je hlavn\u00ed mana\u017eerkou d\u011btsk\u00e9ho aerobiku, specializuje se na BABY aerobik 4-6 let a vede i junior aerobik. Star\u00e1 se o organizaci sout\u011b\u017e\u00ed a vystoupen\u00ed. Kompletn\u011b organizuje v\u00edkendov\u00e9 a t\u00fddenn\u00ed soust\u0159ed\u011bn\u00ed d\u011btsk\u00e9ho aerobiku, kter\u00e9 je u d\u011bt\u00ed obl\u00edben\u00e9.U dosp\u011bl\u00fdch se v\u011bnuje hlavn\u011b Body stylingu, BOSU, Fitball-overball, Port de Bras a Pilates. Ka\u017edoro\u010dn\u011b nav\u0161t\u011bvuje dom\u00e1c\u00ed workshopy zam\u011b\u0159en\u00e9 na pomal\u00e9 formy cvi\u010den\u00ed a mezin\u00e1rodn\u00ed kongresy.<\/p>\n<p style=\"text-align: justify;\">\n","protected":false},"excerpt":{"rendered":"<p>Mgr.\u00a0MARK\u00c9TA STOKLASOV\u00c1 Skupinov\u00fd tren\u00e9r,\u00a0 osobn\u00ed tren\u00e9r, konzultant j\u00eddeln\u00ed\u010dk\u016f, terapeut zdrav\u00ed a \u017eivotn\u00edho stylu, vedouc\u00ed FITANO clubu Vzd\u011bl\u00e1n\u00ed: SPg\u0160 &#8211; obor u\u010ditelka Mt\u0160 Vysoko\u0161kolsk\u00e9: Fakulta T\u011blesn\u00e9 Kultury Univerzity Palack\u00e9ho Olomouc Nejvy\u0161\u0161\u00ed [&hellip;]<\/p>\n","protected":false},"author":1,"featured_media":0,"parent":111,"menu_order":4,"comment_status":"closed","ping_status":"closed","template":"","meta":{"_monsterinsights_skip_tracking":false,"_monsterinsights_sitenote_active":false,"_monsterinsights_sitenote_note":"","_monsterinsights_sitenote_category":0,"footnotes":""},"class_list":["post-131","page","type-page","status-publish","hentry"],"_links":{"self":[{"href":"https:\/\/www.fitano.cz\/index.php?rest_route=\/wp\/v2\/pages\/131","targetHints":{"allow":["GET"]}}],"collection":[{"href":"https:\/\/www.fitano.cz\/index.php?rest_route=\/wp\/v2\/pages"}],"about":[{"href":"https:\/\/www.fitano.cz\/index.php?rest_route=\/wp\/v2\/types\/page"}],"author":[{"embeddable":true,"href":"https:\/\/www.fitano.cz\/index.php?rest_route=\/wp\/v2\/users\/1"}],"replies":[{"embeddable":true,"href":"https:\/\/www.fitano.cz\/index.php?rest_route=%2Fwp%2Fv2%2Fcomments&post=131"}],"version-history":[{"count":39,"href":"https:\/\/www.fitano.cz\/index.php?rest_route=\/wp\/v2\/pages\/131\/revisions"}],"predecessor-version":[{"id":7856,"href":"https:\/\/www.fitano.cz\/index.php?rest_route=\/wp\/v2\/pages\/131\/revisions\/7856"}],"up":[{"embeddable":true,"href":"https:\/\/www.fitano.cz\/index.php?rest_route=\/wp\/v2\/pages\/111"}],"wp:attachment":[{"href":"https:\/\/www.fitano.cz\/index.php?rest_route=%2Fwp%2Fv2%2Fmedia&parent=131"}],"curies":[{"name":"wp","href":"https:\/\/api.w.org\/{rel}","templated":true}]}}

INSTRUKTOŘI

<h4><strong>Mgr. MARKÉTA STOKLASOVÁ</strong></h4>
<p><img loading="lazy" decoding="async" class="alignnone wp-image-6164" src="http://www.fitano.cz/wp-content/uploads/2022/11/1647356559323-683x1024.jpg" alt="" width="250" height="375" srcset="https://www.fitano.cz/wp-content/uploads/2022/11/1647356559323-683x1024.jpg 683w, https://www.fitano.cz/wp-content/uploads/2022/11/1647356559323-200x300.jpg 200w, https://www.fitano.cz/wp-content/uploads/2022/11/1647356559323-100x150.jpg 100w, https://www.fitano.cz/wp-content/uploads/2022/11/1647356559323-768x1152.jpg 768w, https://www.fitano.cz/wp-content/uploads/2022/11/1647356559323-1024x1536.jpg 1024w, https://www.fitano.cz/wp-content/uploads/2022/11/1647356559323-1365x2048.jpg 1365w, https://www.fitano.cz/wp-content/uploads/2022/11/1647356559323-scaled.jpg 1706w" sizes="auto, (max-width: 250px) 100vw, 250px" /></p>
<h2></h2>
<p><strong>Skupinový trenér,  osobní trenér, konzultant jídelníčků, terapeut zdraví a životního stylu, vedoucí FITANO clubu</strong><br />
Vzdělání:<br />
SPgŠ &#8211; obor učitelka MtŠ<br />
Vysokoškolské: Fakulta Tělesné Kultury Univerzity Palackého Olomouc<br />
Nejvyšší možné vzdělání AEROBIKU v ČR: Profi licence A IFFA u FACE EDUCATION<br />
NIKE Fitness Instructor<br />
Cvičitelkou od roku 1993</p>
<p style="text-align: justify;">Od roku 1994, kdy ukončila studium na Fakultě tělesné kultury Univerzity Palackého se věnuje budování a rozvoji sportovní agentury. Její hlavní doménou je BODY TRAINING, BOSU, TRX, FKT, PORT DE BRAS, DANCE AEROBIK, STEP AEROBIK a POWER JOGA, HORMONÁLNÍ JOGA . Také se věnuje plánování jídelníčků pro klienty na míru. V roce 1999 napsala skripta školení cvičitelek aerobiku pro firmu Prosport, ve které také školila. Od počátku firmy pořádá každoročně kurzy snowboardové a lyžařské školy s velmi kladným ohlasem. Dále organizuje příměstské sportovní IN LINE kempy pro děti.</p>
<h4><strong>PETRA FRELICHOVÁ</strong></h4>
<p style="text-align: justify;">Držitel licence VŠB-TUO &#8211; instruktor aerobiku I. třídy, rozhodčí soutěží Master Class ČSAE a FISAF. Cvičitelské práci se věnuje od roku 1999. Je hlavní manažerkou dětského aerobiku, specializuje se na BABY aerobik 4-6 let a vede i junior aerobik. Stará se o organizaci soutěží a vystoupení. Kompletně organizuje víkendové a týdenní soustředění dětského aerobiku, které je u dětí oblíbené.U dospělých se věnuje hlavně Body stylingu, BOSU, Fitball-overball, Port de Bras a Pilates. Každoročně navštěvuje domácí workshopy zaměřené na pomalé formy cvičení a mezinárodní kongresy.</p>
<p style="text-align: justify;">

<p>Mgr. MARKÉTA STOKLASOVÁ Skupinový trenér,  osobní trenér, konzultant jídelníčků, terapeut zdraví a životního stylu, vedoucí FITANO clubu Vzdělání: SPgŠ &#8211; obor učitelka MtŠ Vysokoškolské: Fakulta Tělesné Kultury Univerzity Palackého Olomouc Nejvyšší [&hellip;]</p>
